der when x is divided by 76?
11
Suppose z + 2 - 8 = 0. Suppose -u - 4 = 4*d, -2*u + z*d + 28 = 5*d. What is the remainder when 58 is divided by u?
10
What is the remainder when 572 is divided by -3 - 6/(-3 - 388/(-132))?
92
Let a = 19 + -30. Let o = -25 + a. Let b = -25 - o. What is the remainder when b is divided by 5?
1
Let c be 105/18 + -1 + (-2)/(-12). Suppose 0 = c*g - 130 + 5. What is the remainder when g is divided by 7?
4
Let w(x) = 16*x**3 + 2*x**2 + 1. Calculate the remainder when 94 is divided by w(1).
18
Let q(n) = n**3 - 7*n**2 + 22*n + 3. What is the remainder when q(8) is divided by 36?
27
Calculate the remainder when (-23*1)/((-123)/5658) is divided by 53.
51
Suppose -71 = -4*u + u - m, -5*u + 3*m + 123 = 0. Suppose v = 5*j + 20, -2*v - j + 10 = -19. What is the remainder when u is divided by v?
9
Suppose 0 = 4*z - 3*p - 35, 3155*z + p = 3158*z - 35. Calculate the remainder when z is divided by (0 - 1)*-2 + 7.
5
Suppose -5*d = -66*l + 61*l - 70, 5*l = 2*d - 16. Calculate the remainder when 124 is divided by d.
16
Let f(s) = -s**3 - 4*s**2 + 4*s - 9. What is the remainder when f(-7) is divided by 42?
26
What is the remainder when 5313/(-66)*(-12)/21 is divided by 45?
1
Let u(x) = 2*x**3 - 7*x**2 + 5*x - 3. Let h(p) = 2*p**3 - 4*p**2 + p + 2. Let q be h(2). What is the remainder when u(q) is divided by 9?
6
Let a = -41 + 24. Let z = 27 + a. What is the remainder when z is divided by (64/(-24))/(8/(-12))?
2
Suppose -68 = -4*f - k, -2*f = -2*k - 20 - 14. Calculate the remainder when 40 is divided by f.
6
Let j be 1*(-3 + 2) + 3. Suppose 2*f = 5*t - f - 194, -j*t - 4*f + 62 = 0. What is the remainder when t is divided by 13?
11
Let n = 17 - 8. Let v(i) = i + 17. What is the remainder when v(n) is divided by 3?
2
Let l(m) = -2*m**3 - 12*m**2 + 18*m + 58. Calculate the remainder when l(-7) is divided by 11.
8
Let b(t) = 6*t + 8. Let p be b(-6). Let l = p - -39. Suppose 4*v - 104 = 5*i, -3*v - 3*i = 2*i - 43. Calculate the remainder when v is divided by l.
10
Let n = 23 - 26. Let x = 2 - n. What is the remainder when 49 is divided by x?
4
Let o(s) = -13*s - 1. Let q be o(-1). Suppose c - 2*p = -3*c - 36, -2*c = 2*p + q. What is the remainder when 21 is divided by (c/(-2))/((-2)/(-6))?
9
Let j(x) be the third derivative of 0 + 0*x + 1/60*x**5 + 5/24*x**4 - 5/3*x**3 - 2*x**2. What is the remainder when 15 is divided by j(-7)?
3
Let n(g) = g**3 + g**2 + 14. Suppose -4*d = -3*d, 108 = 4*t + 2*d. What is the remainder when t is divided by n(0)?
13
Suppose 56 = 535*c - 527*c. What is the remainder when c is divided by (-8 - 12/(-4))*-1?
2
Let k = 9 - 5. Suppose -83 = -k*v - r - 18, -v + 20 = -r. What is the remainder when 47 is divided by v?
13
Let k be 16/5 + (-15)/75. Suppose 4*p = -4*r + 40, -k*p - 4*r - 51 = -6*p. Calculate the remainder when 77 is divided by p.
12
Suppose -2*r + 3*x + 59 = 0, 2*r + r - 4*x = 87. Suppose -5*z = m - 11, 2*m - 6*m = -3*z + r. Calculate the remainder when 1/5 - 102/(-15) is divided by z.
1
What is the remainder when ((-1363)/(-58))/(2/4) is divided by 22?
3
Let f = 4 + -1. Suppose 4*w + 3*h = -196, 6*h - 12 = f*h. What is the remainder when ((-3)/(-2) - 2)*w is divided by 14?
12
Let k = 320 + -184. What is the remainder when (3 + k/(-16))*(-26)/1 is divided by 36?
35
What is the remainder when (-9789)/(-195) - 1/5 is divided by 38?
12
Suppose 260 = 12*x - 124. What is the remainder when 89 is divided by x?
25
Suppose -131*x + 142*x - 6028 = 0. Calculate the remainder when x is divided by 61.
60
Let m(v) = -v**2 - 3*v + 4. Let r = -3914 + 3928. Calculate the remainder when r is divided by m(-3).
2
Suppose 3*a + 9*l - 167 = 7*l, -4*l + 228 = 4*a. Calculate the remainder when 471 is divided by a.
47
Suppose 0 = -4*c + 2*u + 1456, 0*c - 4*c + 4*u = -1460. Let f = -213 + c. Calculate the remainder when f is divided by 38.
36
What is the remainder when 6 - 3/((-18)/(-24))*-28 is divided by 20?
18
Let h = 15 + -18. Let w(d) = -d**3 + d**2 + 5*d - 4. Calculate the remainder when 116 is divided by w(h).
14
Suppose 2*s + s = 0. Suppose 2*r - r - 62 = s. What is the remainder when r is divided by (0 - -6)*(-16)/(-6)?
14
Calculate the remainder when -2 + 115 + -5 + 5 is divided by 20.
13
Suppose 147*g + 66 = 149*g. Suppose -9*k + 4*k + 23 = 4*j, 4*k = -5*j + 13. Calculate the remainder when g is divided by k.
5
Suppose -2 - 33 = -5*z. Suppose 4*t - 2*u - 38 = 0, -3*u - 2*u - z = -2*t. Calculate the remainder when 76 is divided by t.
10
Let z = -1760 - -924. Calculate the remainder when 0 + (-1)/4 + z/(-16) is divided by 3*-1*(-1 - 5).
16
Suppose 52*v = 462*v - 4100. Let n(w) = 65*w**3 + w**2 + w - 1. Calculate the remainder when n(1) is divided by v.
6
Suppose -2*n + 11 = 1. Suppose -n*u + 98 = 4*w - 50, u = -5*w + 185. Calculate the remainder when w is divided by 8.
5
What is the remainder when ((-12)/9)/((-12)/369) is divided by 36?
5
Let q = -500 - -525. Calculate the remainder when 649 is divided by q.
24
Let z = -10 - -13. Suppose 3*h - 12 = z. Suppose 1 = -3*n - 5*o, 3*o = h*n - 0*o - 55. What is the remainder when 22 is divided by n?
6
Let n(b) = 3*b + 48. Let v = -31 + 17. Calculate the remainder when 15 is divided by n(v).
3
Suppose -13*i - 83 = -434. Calculate the remainder when 125 is divided by i.
17
What is the remainder when 103 is divided by (2/5)/(-6 + 1533/255)?
1
Let u be (0/(-2 - -5))/(-1). Calculate the remainder when u/(-1) - (0 - 69) is divided by 14.
13
Suppose -4*q + 9*q - 20 = 0. Suppose -3*x + 3*u = -9, -4*x + q*u = 8*u - 52. Calculate the remainder when x is divided by 4.
0
Suppose -36*w = -59*w + 414. Suppose 2*v = -5*t + 65, -2*v = -5*v + t + 89. Calculate the remainder when v is divided by w.
12
Let i(n) = -3*n**2 + 159*n - 144*n + 5*n**2 + 12. What is the remainder when 38 is divided by i(-8)?
18
Suppose -a - z + 22 = 0, 3*a - z = -0*z + 78. Suppose 0 = -4*t + a + 35. Calculate the remainder when t is divided by 4.
3
Let w = 593 - 565. Calculate the remainder when 129 is divided by w.
17
Let p = -26 + 30. Suppose z + 5 = 2. Let h = 6 + z. Calculate the remainder when p is divided by h.
1
Let s be 266/3 - 5/(-15). Suppose -s = -t - 77. Calculate the remainder when 102 is divided by t.
6
Suppose 0 = 3*i - 0*i - 198. Suppose 0 = -28*j + 421 + 12 + 99. Calculate the remainder when i is divided by j.
9
Let x(i) = -i**3 - 10*i**2 + 16*i - 70. What is the remainder when 255 is divided by x(-12)?
21
Suppose -3*r - 12 = 0, -3*m = -0*m - 3*r - 18. What is the remainder when 2 is divided by m?
0
Suppose 200 = 5*i + 25. Calculate the remainder when 487 is divided by i.
32
Let p(h) = -h**3 + 36*h**2 + 39*h - 66. Calculate the remainder when 93 is divided by p(37).
5
What is the remainder when 6 - 12 - -2 - (-23)/1 is divided by 7?
5
Let b = 24 - 11. Let l(n) = n**2 - 15*n - 67. Let a(p) = 2*p**2 - 31*p - 146. Let h(q) = -4*a(q) + 9*l(q). Calculate the remainder when h(b) is divided by 2.
1
Suppose 3*g + 105 = 10*g. Suppose 2*j = g*j - 1014. Calculate the remainder when j is divided by 21.
15
Suppose -3*f = 8 + 28. What is the remainder when 60 is divided by f/9*(-4 - 8)?
12
Let i = -46 - -89. Suppose -89*u = -22553 + 3774. Calculate the remainder when u is divided by i.
39
Let r(d) = -7*d - 3. Let t = -34 + 29. Calculate the remainder when 95 is divided by r(t).
31
Let s(l) = 2*l**2 - 316*l - 627. Suppose -q - 1 = -5*z + 2, 2*z - 6 = -2*q. Calculate the remainder when 1/((-24)/(-23) - z) is divided by s(-2).
10
Let l(p) = 13*p**2 + 15*p + 17. Let x be l(-5). Suppose -5*v + 2*v + x = 0. What is the remainder when v is divided by 10?
9
Let j be (-39)/2*(-6)/9. Let c = j + -19. What is the remainder when (-126)/(-8) - c/(-8) is divided by 5?
0
What is the remainder when 43 is divided by (2 - 4)*-1*10?
3
Suppose -v + o + 8 = -14, 5*v - 110 = -2*o. Let n(z) = z**3 - 6*z**2 + 7*z + 23. Calculate the remainder when n(6) is divided by v.
21
Suppose 0 = -q + 5*q + z - 294, 3*z - 6 = 0. What is the remainder when q is divided by 20?
13
Let n(h) = 11*h + 1. Let s be n(-4). Let u = -19 - s. Let j(g) = -80*g + 3772. What is the remainder when j(46) is divided by u?
20
Let n = 489 - 325. Suppose 0*z + d = -5*z + n, -4*z + 3*d + 135 = 0. Suppose 0 = 4*l + 4, -l - 3*l + 290 = 3*r. Calculate the remainder when r 